t of d?
4
Suppose 0 = -143*z + 152450 - 17458. What is the units digit of z?
4
Suppose 3*y - y = -t - 2, -2 = -2*t - y. Let n(g) = g**2 + g - 10. Let k(m) = -m**2 - 6*m + 32. Let d(l) = k(l) + 3*n(l). What is the units digit of d(t)?
4
Suppose 4*f + 5*z + 13 + 8 = 0, 3*f - 5*z = 28. Suppose -4*q + 8 = 4*k - 4, 0 = -3*q + 9. What is the units digit of 181 + k/(-2 - f)?
1
Let x be (38 - 111)*(1 + -8). Suppose m - x = 4*k - 141, 3*k = -5*m + 1896. What is the hundreds digit of m?
3
Suppose 0 = -2*c - 4*f + 6, -3*c - 2*c = 5*f - 40. What is the tens digit of (4 - c/3)/((-9)/35208)?
0
Let q = -4245 - -7681. Let k be ((-1)/8*4)/((-2)/q). Suppose f - 294 = c, k = 3*f - c - 15. What is the hundreds digit of f?
2
Let w be 4/(-6)*2/8*18. Let c be 1/((-15)/w) - (-68)/10. Suppose 12*n = c*n + 400. What is the units digit of n?
0
Suppose -7*p + 2*p = -4*r - 11, 3*p - 13 = 4*r. Let u be (-10)/(-55) - r/(-22). Suppose -3*q = -5*g - u*q + 100, -4*g = 5*q - 43. What is the tens digit of g?
1
Let s(y) = 50*y**3 - 42*y**2 + 371*y - 41. What is the tens digit of s(9)?
4
Suppose -3*a = 3, -36*f - 177 = -37*f - 4*a. What is the units digit of f?
1
Let z(r) = 69*r**2 + 23*r - 276. What is the thousands digit of z(25)?
3
Let u be 8/2 - (-556 + -2). Let b = u - 270. Suppose 4*r - 124 = b. What is the hundreds digit of r?
1
Let w be 9044/7 + 6 - 3. Suppose -2*l = -7*l + w. What is the hundreds digit of l?
2
Let l be 1/(-6)*3*-10. Suppose -31 = 3*p - l*s, -3*p = -2*p + 4*s - 18. What is the tens digit of (-434)/2*(1 + p)?
1
Suppose 0 = 17*u - 16*u - 513. Let j = -171 + u. What is the tens digit of j?
4
Suppose 1 + 15 = 4*n. Suppose -5*f - 1593 = -n*q, -q + 29*f - 26*f + 407 = 0. What is the tens digit of q?
9
Suppose -10*i = -5*i - 5*a - 5, 0 = -a + 1. Suppose 3*f + 209 = k, -2*k - 2*k = i*f - 850. Suppose 3*o - k = 2*o. What is the tens digit of o?
1
Suppose -4*g - 6*g = g. What is the hundreds digit of (g - -3)/((-34)/(-1666))?
1
Suppose 30*h = -63*h + 19*h + 1083656. What is the units digit of h?
4
Let l = 162 - 144. Suppose 10*t + 968 = l*t. What is the units digit of t?
1
Let t(d) = 62*d**3 - 3*d**2 - 199*d + 587. What is the units digit of t(3)?
7
Suppose -5*s + w + 2 + 23 = 0, 20 = 4*s - 2*w. Suppose 4218 - 1273 = s*g. What is the tens digit of g?
8
Suppose -2*x - 84788 = 2*d - 277126, 5*d + 384667 = 4*x. What is the hundreds digit of x?
1
Let c be ((-2)/(-1))/((-18)/(-3321)). Let k = c + 72. Suppose -7*n = -16*n + k. What is the units digit of n?
9
Suppose -6 = -2*n - 5*i, -2*n + 4*i = 8 + 4. Let u be (-5)/n*8/(-5). What is the hundreds digit of 148 - (u/(-8) - (-2)/(-4))?
1
Suppose 0 = 156*k - 142*k - 198109 + 68679. What is the thousands digit of k?
9
Let i = -50195 + 79236. What is the hundreds digit of i?
0
Suppose -7*d + 1165 = -2*d + 5*g, 0 = 4*d + g - 929. Suppose -d = -v + 200. What is the units digit of v?
2
Let v(o) = -4*o**3 + 3*o**2 - 2*o - 1. Let x be v(-1). What is the tens digit of 414/x + 40/160?
5
Suppose 4*z = -8, -3*r - 4*z + 4 = -0*z. Suppose 0 = a + 3*t - 552, 4*a - r*t + 9*t - 2208 = 0. What is the hundreds digit of a?
5
Suppose 0 = -19*a + 1077638 + 56776. What is the ten thousands digit of a?
5
Suppose -2 - 2 = -2*p. Let z(j) = -5*j - 7. Let y(r) = -26*r - 27. Let b(w) = -2*y(w) + 9*z(w). What is the units digit of b(p)?
5
Suppose -83*h + 57*h = 147*h - 11225624. What is the ten thousands digit of h?
6
Let n be (-6 - 0)/(-36) + 6358/12. Suppose 6*m - n = 3*m + 2*c, 0 = m + 4*c - 186. What is the units digit of m?
8
Let d = 231 + -329. Suppose 0 = 2*b + 2*s + 37 + 53, -50 = b + 2*s. Let j = b - d. What is the units digit of j?
8
Suppose 0 = h + 544 - 2231. What is the tens digit of h?
8
Let p(j) = j**2 - 6*j + 11. Let y(a) = 4*a - 8. Let h be y(3). Let v be p(h). Suppose -211 = -v*c - 52. What is the units digit of c?
3
What is the ten thousands digit of -1114*(-33)/(-132)*3/(3/(-62))?
1
Suppose 4 = -4*x, -5*i + x + 1627 = -369. Suppose f + f = -5*u + 654, -i = -3*u + f. Suppose -6*v = -2*v - u. What is the tens digit of v?
3
Let f(c) = 9*c**2 + 4*c + 4. Let i be f(-2). Let b be 12/i - 2490/(-16). Suppose s = -4*g + 93, -3*s + s = 2*g - b. What is the tens digit of s?
7
Let p(u) = -2*u**3 + u + 78. Let m be p(0). What is the tens digit of m/4*114/19?
1
Suppose 11*c - 10*c = 8044. Suppose -2282 = -6*x + c. What is the hundreds digit of x?
7
Suppose -9217*k + 9215*k = -29506. What is the hundreds digit of k?
7
Let w = -10149 + 18840. What is the tens digit of w?
9
Let p(f) be the third derivative of -137*f**4/24 - f**3/2 - 3*f**2 + 11. What is the units digit of p(-7)?
6
Suppose 5*v = -5*y - 855, -61 - 110 = y + 2*v. Let k = y + 1283. What is the tens digit of k?
1
Let b(s) = s**3 - 10*s**2 + 24*s - 5. Let u be b(7). Suppose u*p + 384 = 3504. What is the units digit of p?
5
Let v be (-1)/2 + 333/(-6). Let d = 313 + -191. Let w = v + d. What is the tens digit of w?
6
Let v(g) = -g**2 - 9*g - 12. Let i be v(-6). Suppose -3*n = -h - 54, -2*h = -n + i + 12. Let r = n - 11. What is the units digit of r?
7
Suppose -2 = -g + 2*g. Let b(a) = 4*a**3 - 3*a**2 - 2*a + 1. Let w be b(-1). What is the tens digit of g + (-20)/(-4) + w - -236?
3
Suppose -10*x + 8*x + 12 = 0. Let r be (9/x - 2)*(3 + -3). Suppose -59 = 4*f - 3*q - 244, -q - 3 = r. What is the units digit of f?
4
Suppose -10*w + 0*w = -8220. Let q = w + -437. What is the tens digit of q?
8
Let l be -2 + 32/20 + (-242)/(-5). Suppose -40*r - 1408 = -l*r. What is the tens digit of r?
7
Let o(f) = -4*f - 131. Let b(u) = -20*u - 657. Let n(s) = 2*b(s) - 11*o(s). Suppose y - x = -5, y - 13 = -3*x + 2. What is the hundreds digit of n(y)?
1
Suppose -32 = -4*x + 152. Let b = -41 + x. Suppose b*r - 435 = -5*t, r + 4*t - 164 = -r. What is the tens digit of r?
9
Suppose -44403 - 17216 = -5*l + 2*y, 0 = 5*y + 10. What is the thousands digit of l?
2
Suppose 8*t = 249*t - 50339 - 74740. What is the hundreds digit of t?
5
Suppose -3*w = x - 908 - 997, -3*x + 3171 = 5*w. What is the hundreds digit of w?
6
Let s be (9 - (-102)/(-8))/(6/(-8)). Let l(o) = 6*o**3 - 9*o**2 + 25*o + 13. What is the units digit of l(s)?
3
Suppose 2*h - 91 = -81, 4*h = 2*l - 31888. What is the thousands digit of l?
5
Suppose 8580 = 13*t - 105937. What is the units digit of t?
9
Let u(n) = -n**3 + 18*n**2 + 12*n + 11. Let b be u(19). Let i = b - -294. What is the tens digit of i?
7
Let d = -407 - -425. Let a = 756 + d. What is the hundreds digit of a?
7
Let t(w) = -3*w**3 - 5*w**2 - 18*w - 43. What is the thousands digit of t(-15)?
9
Let n(o) = -4*o - 38. Let f be n(-10). Let p(q) = 353*q - 45. What is the hundreds digit of p(f)?
6
What is the tens digit of 4/32 + 625509/216?
9
What is the thousands digit of 227460/153 - 66/18?
1
Let k = -357 + 820. Let v = k - -51. What is the hundreds digit of v?
5
Suppose 0 = 2*a - 3*d - 2, -4*d = a - 5*a + 8. Suppose -a*j = 20, -4*j = 2*t + j - 255. What is the tens digit of t?
4
Let r = 2717 + 885. Suppose -r = -10*j + 888. What is the hundreds digit of j?
4
Suppose -14*x - 172595 - 103522 = -45*x. What is the tens digit of x?
0
Let z(s) = -3*s + 150. Let d(p) = p**3 + 2*p**2 + 4*p + 26. Let y be d(0). What is the tens digit of z(y)?
7
Suppose -4*r + 98534 = 10*b, b - 20*r = -21*r + 9854. What is the units digit of b?
3
Let u = -369 - -1359. Suppose 8*w - u = 2050. What is the hundreds digit of w?
3
Let m(d) = d**3 - 2*d**2 - 5*d + 4. Let g be m(3). What is the tens digit of (125 + g)/((-11)/(-33))?
6
Let z be ((-4)/((-12)/(-113)))/(2/(-6)). Let t = z - -16. What is the tens digit of t?
2
Let t be (-3 - (-11 - -6))*(-3)/(-1). Let j be 18 + ((-19)/t - 12/(-72)). Let g(m) = -m**2 + 17*m + 36. What is the tens digit of g(j)?
6
Let r be (18/15)/(1/5290*3). Suppose c + 0*j + 2*j = 524, 4*c - r = -3*j. What is the tens digit of c?
3
Let m be -2*(-4 + 1)/6 - -4. Let o(u) = 22*u - 9. Let v be o(m). Suppose -v = 4*b - 389. What is the tens digit of b?
7
Let h(t) = -3867*t + 270. What is the units digit of h(-5)?
5
Suppose 5*j + 6*x = 2*x + 36, j + 4*x = 20. Suppose -j*q + 1280 = -2200. What is the tens digit of q?
7
What is the tens digit of (36/(108/(-18)))/(12/(-45874))?
3
Let g(b) = 5347*b**3 + 2*b**2 - 264*b + 536. What is the hundreds digit of g(2)?
7
Let q = -1136 + 556. Let y = 173 - q. What is